{"id":427,"date":"2023-02-16T08:36:15","date_gmt":"2023-02-16T07:36:15","guid":{"rendered":"https:\/\/guitaresenchansons.fr\/?page_id=427"},"modified":"2023-02-16T08:36:15","modified_gmt":"2023-02-16T07:36:15","slug":"ag-fevrier-2023","status":"publish","type":"page","link":"https:\/\/guitaresenchansons.fr\/?page_id=427","title":{"rendered":"AG F\u00e9vrier 2023"},"content":{"rendered":"\n<h2 class=\"wp-block-heading\">ASSEMBLEE GENERALE ORDINAIRE ASSOCIATION \u00ab GUITARES EN CHANSONS \u00bb<\/h2>\n\n\n\n<p><strong>Mercredi 08 f\u00e9vrier 2022, Salle des F\u00eates de LAGORCE.<\/strong><\/p>\n\n\n\n<p>D\u00e9but de s\u00e9ance : 20h30<\/p>\n\n\n\n<p>14 Pr\u00e9sents : Christian SAPIN ; Sylvie CANTA ; Eric BENOIST ; Patrick ROUVEYROL ; Sadek MOHAMED; C\u00e9cilia FERRER ;Herv\u00e9 OZIL ; Dominique HEMOUS ; Michel SERRET ; Jean Claude SURREL ; Patrick GANNEAU ; Fran\u00e7oise TRAVART ; Jean Claude TRAVART ; Jo\u00eblle ROSSI Maire de LAGORCE.<\/p>\n\n\n\n<p>10 Absents Excus\u00e9s : Patrice JANIA ; Antoine MANNINA ; Monique TOURREL ; Emmanuel MICHARD ; Marie Line ZUCCHELLI ; Michel DOYARD ; Jean Jacques PAGANELLI ; H\u00e9l\u00e8ne DESCHAMPS ; Nicolas PEROL ; Michel RAIMBAULT<\/p>\n\n\n\n<p>9 Procurations : Patrice JANIA \u00e0 Christian SAPIN<\/p>\n\n\n\n<p>Antoine MANNINA \u00e0 Christian SAPIN Monique TOURREL \u00e0 Sylvie CANTA Nicolas PEROL \u00e0 Sylvie CANTA<\/p>\n\n\n\n<p>Emmanuel MICHARD \u00e0 Patrick GANNEAU Marie-Line ZUCCHELLI \u00e0 Sadek MOHAMED Jean Jacques PAGANELLI \u00e0 Sadek MOHAMED Michel DOYARD \u00e0 Eric BENOIST<\/p>\n\n\n\n<p>H\u00e9l\u00e8ne DESCHAMPS \u00e0 Patrick ROUVEYROL<\/p>\n\n\n\n<h1 class=\"wp-block-heading\">1)&nbsp;&nbsp; MOT ACCUEIL :<\/h1>\n\n\n\n<p>Mesdames, Messieurs, chers adh\u00e9rents \u2026<\/p>\n\n\n\n<p>nous voici r\u00e9unis pour notre premi\u00e8re Assembl\u00e9e G\u00e9n\u00e9rale dans la salle des f\u00eates de LAGORCE.<\/p>\n\n\n\n<p>Je remercie Madame le Maire de LAGORCE, Jo\u00eblle ROSSI pour sa pr\u00e9sence \u00e0 notre assembl\u00e9e et pour la mise \u00e0 disposition de la salle de spectacle LA CRYPTE, et aussi pour la subvention de fonctionnement.<\/p>\n\n\n\n<ul class=\"wp-block-list\">\n<li>BILAN MORAL DU PRESIDENT :<\/li>\n<\/ul>\n\n\n\n<p>La saison 2022 s\u2019est d\u00e9roul\u00e9e dans un contexte particulier li\u00e9 \u00e0 la pand\u00e9mie Covid, et la r\u00e9glementation sanitaire qui nous a oblig\u00e9 \u00e0 prendre des pr\u00e9cautions par rapport aux normes d\u2019hygi\u00e8ne.<\/p>\n\n\n\n<p>En premier lieu je tiens \u00e0 remercier mes 5 camarades \u2026, Sadek, Eric, Patrick, puis en cours de saison, Sylvie et Antoine qui ont accept\u00e9 comme moi de mouiller le maillot, pour mettre en place l\u2019association GUITARES EN CHANSONS.<\/p>\n\n\n\n<p>J\u2019associerai \u00e9galement Fran\u00e7oise et Jean Claude TRAVART, ainsi que Gilles VERGNAUD qui ont particip\u00e9 \u00e0 nos premi\u00e8res r\u00e9unions de travail collectif.<\/p>\n\n\n\n<p>Cette initiative, datant de quelques ann\u00e9es d\u00e9j\u00e0, a abouti sur une volont\u00e9 locale de rassembler quelques musiciens et amis (pour fonder une association dont la mission serait justement de produire des soir\u00e9es musicales autour de la Guitare et du Chant). Aujourd\u2019hui c\u2019est chose faite &#8230;<\/p>\n\n\n\n<p>Sans faire la gen\u00e8se compl\u00e8te du projet, nous avons r\u00e9uni un groupe de musiciens du Sud Ard\u00e8che, et avons r\u00e9dig\u00e9 les documents (Statuts, R\u00e8glement Int\u00e9rieur \u2026) qui nous ont permis de d\u00e9clarer notre association en Pr\u00e9fecture, et de solliciter la municipalit\u00e9 de Lagorce par l\u2019entremise de Violette EGON notre r\u00e9f\u00e9rente Culture et gestion de la CRYPTE.<\/p>\n\n\n\n<p>Nos statuts ont \u00e9t\u00e9 agr\u00e9\u00e9s et publi\u00e9s au JO du 18 janvier 2022.<\/p>\n\n\n\n<p>Dates des r\u00e9unions de Bureau et pr\u00e9parations soir\u00e9es :<\/p>\n\n\n\n<ul class=\"wp-block-list\">\n<li>14 octobre 2021 1\u00e8re visite en mairie de Lagorce : Eric, Sadek et Christian plus Violette EGON.<\/li>\n<\/ul>\n\n\n\n<ul class=\"wp-block-list\">\n<li>18 octobre 2021 1\u00e8re R\u00e9union du Groupe constitution association GUITARES EN CHANSONS chez Eric.<\/li>\n<\/ul>\n\n\n\n<ul class=\"wp-block-list\">\n<li>25 octobre 2021 R\u00e9union commission travail sur les STATUTS chez Sadek : Christian, Sadek, Fran\u00e7oise &amp; Jean Claude TRAVART, Gilles VERGNAUD.<\/li>\n<\/ul>\n\n\n\n<ul class=\"wp-block-list\">\n<li>16 d\u00e9cembre 2021 AG constitutive salle des F\u00eates de LAGORCE. Constitution du Bureau : Pr\u00e9sident : Christian SAPIN , Tr\u00e9sorier : Patrick ROUVEYROL, Secr\u00e9taire : Sadek MOHAMED.<\/li>\n<\/ul>\n\n\n\n<ul class=\"wp-block-list\">\n<li>27 d\u00e9cembre 2022 mise en ligne du site <a href=\"https:\/\/www.guitaresenchansons.fr\/\">https:\/\/www.guitaresenchansons.fr<\/a> , et du mail <a href=\"mailto:guitaresenchansons@gmail.com\">guitaresenchansons@gmail.com<\/a> chez Eric.<\/li>\n<\/ul>\n\n\n\n<ul class=\"wp-block-list\">\n<li>30 d\u00e9cembre 2021 CA chez Eric, d\u00e9p\u00f4t des statuts et du r\u00e8glement int\u00e9rieur finalis\u00e9s en Pr\u00e9fecture.<\/li>\n<\/ul>\n\n\n\n<ul class=\"wp-block-list\">\n<li>05 janvier 2022 Point avec Mme Mariane BERTHON sur l\u2019avancement de notre inscription au JO.<\/li>\n\n\n\n<li>10 janvier 2022 RDV Mme GAILLARD, en passant par Mme Mariane BERTHON France Service. Le PV du conseil municipal de Lagorce du 10 janvier 2021 acte le si\u00e8ge social de notre association \u00e0 Lagorce, et met \u00e0 disposition la salle de la CRYPTE un mercredi par mois.<\/li>\n<\/ul>\n\n\n\n<ul class=\"wp-block-list\">\n<li>12 janvier 2022 RDV Mme GAILLARD en pr\u00e9fecture pour cl\u00f4ture du dossier.<\/li>\n\n\n\n<li>31 janvier 2022 Contact SACEM chez Eric.<\/li>\n\n\n\n<li>01 f\u00e9vrier 2022 Signature Convention d\u2019utilisation de la CRYPTE avec Violette EGON.<\/li>\n<\/ul>\n\n\n\n<ul class=\"wp-block-list\">\n<li>07 f\u00e9vrier 2022 RDV CRCA Mr Thierry SIBEU, mise en place signature du Tr\u00e9sorier Patrick, et du Pr\u00e9sident Christian.<\/li>\n<\/ul>\n\n\n\n<ul class=\"wp-block-list\">\n<li>09 f\u00e9vrier 2022 RDV Violette EGON \u00e0 la CRYPTE pour donner directives gestion SONO, ECLAIRAGES, SON.<\/li>\n<\/ul>\n\n\n\n<ul class=\"wp-block-list\">\n<li>14 f\u00e9vrier 2022, RDV AXA pour Contrat Assurance, Denis BESSET.<\/li>\n\n\n\n<li>23 f\u00e9vrier 2022, RDV Jean-Claude MILLET &amp; Eric BENOIST pour r\u00e8glage SONO.<\/li>\n<\/ul>\n\n\n\n<ul class=\"wp-block-list\">\n<li>08 mars 2022 RDV INFO RC avec EUROPHONIA07 interview Christian, pr\u00e9sentation de l\u2019association sur le site.<\/li>\n<\/ul>\n\n\n\n<ul class=\"wp-block-list\">\n<li>28 mars 2022 CA chez Christian.<\/li>\n\n\n\n<li>13 juin 2022 pr\u00e9paration soir\u00e9e du 15 juin chez Eric.<\/li>\n\n\n\n<li>07 juillet 2022 RDV Violette EGON point sur la logistique CRYPTE, Eric &amp; Sadek.<\/li>\n\n\n\n<li>20 septembre 2022 pr\u00e9paration soir\u00e9e du 21 septembre chez Eric.<\/li>\n\n\n\n<li>19 octobre 2022 pr\u00e9paration soir\u00e9e du 26 octobre chez Christian.<\/li>\n\n\n\n<li>8 novembre 2022 pr\u00e9paration soir\u00e9e du 9 novembre chez Christian.<\/li>\n<\/ul>\n\n\n\n<ul class=\"wp-block-list\">\n<li>20 d\u00e9cembre 2022 pr\u00e9paration soir\u00e9e du 21 d\u00e9cembre chez christian.<\/li>\n<\/ul>\n\n\n\n<h2 class=\"wp-block-heading\">Au total pas moins de 23 participations<\/h2>\n\n\n\n<p>Ainsi nous avons pu d\u00e9marrer notre premi\u00e8re soir\u00e9e musicale le :<\/p>\n\n\n\n<ul class=\"wp-block-list\">\n<li>Mercredi 16 f\u00e9vrier 2022, et avons comptabilis\u00e9 pour notre premi\u00e8re, une trentaine de personnes.<\/li>\n<\/ul>\n\n\n\n<p>Ont suivi les :<\/p>\n\n\n\n<ul class=\"wp-block-list\">\n<li>Mercredi 16 mars 2022.<\/li>\n<\/ul>\n\n\n\n<p>Et l\u00e0 nous avons rempli la salle, avec pas moins de 120 spectateurs, notre soir\u00e9e rev\u00eatait un caract\u00e8re particulier en relation avec les \u00e9v\u00e8nements du moment. Enti\u00e8rement d\u00e9di\u00e9e \u00e0 SOLIDARIT\u00c9 UKRAINE, la recette participative \u00e0 permis de remettre un ch\u00e8que de 1000 \u20ac \u00e0 l\u2019association M.E.E.M. par l\u2019interm\u00e9diaire de son Pr\u00e9sident Roland ARNOUX qui avait organis\u00e9 le samedi 12 mars une concert caritatif \u00e0 RUOMS, o\u00f9 plusieurs membres (Sadek, Patrick et moi m\u00eame) avons particip\u00e9 \u00e0 l\u2019organisation. La recette a produit 6210\u20ac avec 300 spectateurs pr\u00e9sents.<\/p>\n\n\n\n<ul class=\"wp-block-list\">\n<li>Mercredi 20 avril 2022.<\/li>\n\n\n\n<li>Mercredi 18 mai 2022.<\/li>\n<\/ul>\n\n\n\n<p>Puis deux soir\u00e9es d\u00e9localis\u00e9es chez Eric \u00e0 la R\u00e9sidence du Chassezac \u00e0 Maisonneuve.<\/p>\n\n\n\n<ul class=\"wp-block-list\">\n<li>Mercredi 15 juin 2022.<\/li>\n\n\n\n<li>Mercredi 21 septembre 2022.<\/li>\n<\/ul>\n\n\n\n<p>Retour \u00e0 la CRYPTE les :<\/p>\n\n\n\n<ul class=\"wp-block-list\">\n<li>Mercredi 19 octobre 2022.<\/li>\n\n\n\n<li>Mercredi 9 novembre 2022.<\/li>\n\n\n\n<li>Mercredi 21 d\u00e9cembre 2022.<\/li>\n<\/ul>\n\n\n\n<p>Nous avons organis\u00e9 une r\u00e9union du CA avant chaque soir\u00e9e, pour caler l\u2019organisation. Sadek s\u2019occupe de la programmation des intervenants, car il est important de quantifier le nombre d\u2019intervenants, le temps d\u2019intervention de chacun afin de respecter une \u00e9quit\u00e9 (pas toujours facile).<\/p>\n\n\n\n<p>Nous souhaitons ma\u00eetriser le TIMING pas au-del\u00e0 de 2 heures en int\u00e9grant l\u2019entracte de la buvette.<\/p>\n\n\n\n<p>Par la suite, nous avons constat\u00e9 un taux de participation en r\u00e9gression, li\u00e9 d\u2019une part \u00e0 la pand\u00e9mie du COVID, et quelques intemp\u00e9ries qui ont dissuad\u00e9 les sorties, en particulier celui du 15 novembre (VIGILANCE ORANGE). Seuls les locaux, et les AFFICIONADOS \u00e9taient pr\u00e9sents.<\/p>\n\n\n\n<p>Actuellement, nous plafonnons \u00e0 une trentaine de spectateurs en moyenne.<\/p>\n\n\n\n<p>Eric est responsable de la mise en place de la sonorisation, et des balances en amont, d\u00e9sormais, il a \u00e9t\u00e9 d\u00e9cid\u00e9 coll\u00e9gialement de sonoriser la salle \u00e0 partir de notre propre mat\u00e9riel, car il est trop al\u00e9atoire d\u2019utiliser le mat\u00e9riel de la salle.<\/p>\n\n\n\n<p>Beaucoup d\u2019utilisateurs potentiels d\u00e9r\u00e8glent le mat\u00e9riel, et le temps de remise en ordre des r\u00e9glages est trop long, avec des r\u00e9sultats souvent d\u00e9cevants.<\/p>\n\n\n\n<p>Patrick g\u00e8re la lumi\u00e8re de la salle, cela est plus simple, et il a bien trouv\u00e9 ses marques.<\/p>\n\n\n\n<p>Avec Sylvie, qui avec Antoine ont rejoint le Conseil d\u2019administration, il g\u00e8re la logistique Buvette. Notre fournisseur est la soci\u00e9t\u00e9 ABD de RUOMS.<\/p>\n\n\n\n<p>Se pose encore aujourd\u2019hui le probl\u00e8me de la communication en amont, la production et la distribution des affiches.<\/p>\n\n\n\n<p>Toute l\u2019\u00e9quipe en place se mobilise le mercredi apr\u00e8s-midi pour installer la salle, la sonorisation, les lumi\u00e8res, les balances, la buvette, merci \u00e0 toute l\u2019\u00e9quipe qui met son \u00e9nergie pour que tout aille pour le mieux \u2026 M\u00eame si on se dit que l\u2019on pourrait faire mieux \u2026 l\u2019important c\u2019est que nous soyons bien ensembles, complices, et heureux de nous retrouver \u2026 La Musique adoucit les moeurs \u2026 Je confirme.<\/p>\n\n\n\n<p>Eric a construit le site Internet de l\u2019association, et g\u00e8re les affiches en num\u00e9rique, il faudra sans doute produire un affichage plus large au moins 15 jours avant dans les communes limitrophes pour \u00eatre plus visibles.<\/p>\n\n\n\n<p>La Mairie de Lagorce nous a inclus dans son bulletin \u00ab Info Mairie Lagorce \u00bb hebdomadaire.<\/p>\n\n\n\n<p>Nous avons souhait\u00e9 lors de la programmation des soir\u00e9es ne pas nous t\u00e9lescoper avec les soir\u00e9es des FINGERSTYLE RENDEZ VOUS de Vals organis\u00e9es les 2\u00e8mes jeudis du mois.<\/p>\n\n\n\n<p>En accord avec Violette EGON, nous avons retenu le principe des 3\u00e8mes mercredis du mois, sous r\u00e9serve de la disponibilit\u00e9 de la CRYPTE.<\/p>\n\n\n\n<p>Nous avons fait une demande de subvention de fonctionnement aupr\u00e8s de la municipalit\u00e9 de Lagorce le 21 f\u00e9vrier 2022, et avons obtenu la somme de 150,00\u20ac vers\u00e9e le 25 ao\u00fbt 2022.<\/p>\n\n\n\n<p>Dans les charges, la municipalit\u00e9 de Lagorce met \u00e0 disposition la CRYPTE gratuitement, mais nous facture la somme de 30\u20ac pour chaque soir\u00e9e correspondant au passage d\u2019un agent de nettoyage.<\/p>\n\n\n\n<p>Pour 2022, nous avons pay\u00e9 210\u20ac pour les 7 soir\u00e9es produites \u00e0 la CRYPTE.<\/p>\n\n\n\n<p>Dans les recettes hormis les adh\u00e9sions (30 adh\u00e9rents) qui rapportent 20\u20ac x 30 = 600\u20ac, le principe de la participation libre donne en moyenne de (50 \u00e0 150\u20ac).<\/p>\n\n\n\n<p>La buvette organis\u00e9e \u00e0 l\u2019\u00e9tage, et g\u00e9r\u00e9e par Patrick aid\u00e9 par Sylvie rapporte une moyenne de (50 \u00e0 70\u20ac). Pour la saison 2023 nous proposons , et avons valid\u00e9 avec Violette EGON les dates suivantes.<\/p>\n\n\n\n<ul class=\"wp-block-list\">\n<li>Mercredi 18 janvier 2023.<\/li>\n\n\n\n<li>Mercredi 01 f\u00e9vrier 2023.<\/li>\n\n\n\n<li>Mercredi 15 mars 2023.<\/li>\n<\/ul>\n\n\n\n<h2 class=\"wp-block-heading\">\u2022&nbsp;&nbsp;&nbsp; Pour information FingerStyle Rendez Vous sera \u00e0 la CRYPTE le jeudi 13 avril.<\/h2>\n\n\n\n<ul class=\"wp-block-list\">\n<li>Mercredi 26 avril 2023.<\/li>\n\n\n\n<li>Mercredi 24 mai 2023.<\/li>\n\n\n\n<li>Mercredi 07 juin 2023, (<strong>ou chez ERIC \u00e0 la R\u00e9sidence du Chassezac<\/strong>).<\/li>\n\n\n\n<li>Mercredi 19 juillet 2023. (<strong>date r\u00e9serv\u00e9e, mais \u00e0 valider<\/strong>).<\/li>\n\n\n\n<li>Mercredi 16 ao\u00fbt 2023. <strong>(date r\u00e9serv\u00e9e, mais \u00e0 valider).<\/strong><\/li>\n<\/ul>\n\n\n\n<ul class=\"wp-block-list\">\n<li>Mercredi 20 septembre 2023. (<strong>ou chez ERIC \u00e0 la R\u00e9sidence du Chassezac<\/strong>).<\/li>\n\n\n\n<li>Mercredi 18 octobre 2023.<\/li>\n\n\n\n<li>Mercredi 15 novembre 2023.<\/li>\n<\/ul>\n\n\n\n<ul class=\"wp-block-list\">\n<li>Mercredi 13 d\u00e9cembre 2023. <strong>(qui est mieux que le 20 d\u00e9cembre trop proche des f\u00eates de NOEL).<\/strong><\/li>\n<\/ul>\n\n\n\n<p>Dans nos statuts, nous avons \u00e9voqu\u00e9 la possibilit\u00e9 de programmer un artiste local sous r\u00e9serve bien s\u00fbr de la disponibilit\u00e9 de la CRYPTE.<\/p>\n\n\n\n<p>Dans ce cas de figure, la location de la salle se monte \u00e0 150\u20ac si le concert fait l\u2019objet d\u2019une billetterie avec d\u00e9claration SACEM, plus 30\u20ac de m\u00e9nage.<\/p>\n\n\n\n<p>Pour 2023 Patrice JANIA et Marie LIEBY ont fait la demande aupr\u00e8s de l\u2019association \u00ab GUITARES EN CHANSONS \u00bb pour l\u2019organisation d\u2019un concert le samedi 29 avril 2023 \u00ab Autour de mes Chansons \u00bb<\/p>\n\n\n\n<p>Le futur conseil d\u2019administration statuera sur le bien fond\u00e9 de cette demande, et d\u00e9finira le niveau d\u2019implication logistique et financier de l\u2019association pour cette soir\u00e9e.<\/p>\n\n\n\n<p>Une demande de tarification minimale est adress\u00e9e \u00e0 Madame le Maire, Patrice JANIA \u00e9tant adh\u00e9rent \u00e0 l\u2019association GUITARES EN CHANSONS.<\/p>\n\n\n\n<p>Voil\u00e0 dans les grandes lignes le Bilan Moral du Pr\u00e9sident pour l\u2019exercice 2022 qui est pass\u00e9 bien vite.<\/p>\n\n\n\n<p>Je renouvelle une fois encore au nom du Conseil d\u2019Administration mes remerciements \u00e0 la Municipalit\u00e9 de Lagorce qui nous accueille dans la magnifique salle de la CRYPTE.<\/p>\n\n\n\n<p>Et bien s\u00fbr vous adh\u00e9rents, et futurs adh\u00e9rents qui \u00eates de fid\u00e8les spectateurs &#8230; Enfin le mot de la fin \u2026<\/p>\n\n\n\n<p>A titre personnel, je me sens motiv\u00e9 pour renouveler ma candidature pour la saison 2023, et esp\u00e8re que d&rsquo;autres personnes nous rejoindront pour nous \u00e9pauler \u2026 Toutes les bonnes volont\u00e9s sont les bienvenues.<\/p>\n\n\n\n<p>Je vous remercie pour votre attention. Christian SAPIN<\/p>\n\n\n\n<p>Pr\u00e9sident de l\u2019Association<\/p>\n\n\n\n<p>\u00ab GUITARES EN CHANSONS<\/p>\n\n\n\n<ul class=\"wp-block-list\">\n<li><strong><u>BILAN FINANCIER , <\/u><\/strong><strong><u>pr\u00e9sent\u00e9 par Patrick ROUVEYROL<\/u><\/strong><strong>:<\/strong><strong><\/strong><\/li>\n<\/ul>\n\n\n\n<p>ASSOCIATION GUITARES EN CHANSONS<\/p>\n\n\n\n<p>Compte Courant N\u00b0 00193069088<\/p>\n\n\n\n<h1 class=\"wp-block-heading\">BILAN FINANCIER 2022<\/h1>\n\n\n\n<figure class=\"wp-block-table\"><table><tbody><tr><td><strong>&nbsp;<\/strong> LIBELLES<\/td><td><strong>&nbsp;<\/strong> RECETTES<\/td><td><strong>&nbsp;<\/strong> DEPENSES<\/td><\/tr><tr><td>&nbsp;<\/td><\/tr><tr><td><strong>&nbsp;<\/strong> <strong>Adh\u00e9sions (30)<\/strong><\/td><td><strong>&nbsp;<\/strong> <strong>600,00 \u20ac<\/strong><\/td><td>&nbsp;<\/td><\/tr><tr><td><strong>&nbsp;<\/strong> <strong>Subvention Municipale<\/strong><\/td><td><strong>&nbsp;<\/strong> <strong>150,00 \u20ac<\/strong><\/td><td>&nbsp;<\/td><\/tr><tr><td><strong>&nbsp;<\/strong> <strong>Recettes Chapeau Soir\u00e9es<\/strong><\/td><td><strong>&nbsp;<\/strong> <strong>737,00 \u20ac<\/strong><\/td><td>&nbsp;<\/td><\/tr><tr><td><strong>&nbsp;<\/strong> <strong>Recette Soir\u00e9es UKRAINE<\/strong><\/td><td><strong>&nbsp;<\/strong> <strong>1 000,00 \u20ac<\/strong><\/td><td>&nbsp;<\/td><\/tr><tr><td><strong>&nbsp;<\/strong> <strong>Recettes Buvette<\/strong><\/td><td><strong>&nbsp;<\/strong> <strong>375,00 \u20ac<\/strong><\/td><td>&nbsp;<\/td><\/tr><tr><td><strong>&nbsp;<\/strong> <strong>Fond de caisse<\/strong><\/td><td><strong>&nbsp;<\/strong> <strong>70,00 \u20ac<\/strong><\/td><td>&nbsp;<\/td><\/tr><tr><td><strong>&nbsp;<\/strong> <strong>Stock Boissons<\/strong><\/td><td><strong>&nbsp;<\/strong> <strong>122,00 \u20ac<\/strong><\/td><td>&nbsp;<\/td><\/tr><tr><td><strong>&nbsp;<\/strong> <strong>Don UKRAINE<\/strong><\/td><td>&nbsp;<\/td><td><strong>&nbsp;<\/strong> <strong>1 000,00 \u20ac<\/strong><\/td><\/tr><tr><td><strong>&nbsp;<\/strong> <strong>Achats Boisson Soir\u00e9es<\/strong><\/td><td>&nbsp;<\/td><td><strong>&nbsp;<\/strong> <strong>254,24 \u20ac<\/strong><\/td><\/tr><tr><td><strong>&nbsp;<\/strong> <strong>Achats Nourriture Soir\u00e9es<\/strong><\/td><td>&nbsp;<\/td><td><strong>&nbsp;<\/strong> <strong>172,59 \u20ac<\/strong><\/td><\/tr><tr><td><strong>&nbsp;<\/strong> <strong>Frais Banque CRCA<\/strong><\/td><td>&nbsp;<\/td><td><strong>&nbsp;<\/strong> <strong>4,95 \u20ac<\/strong><\/td><\/tr><tr><td><strong>&nbsp;<\/strong> <strong>Assurance<\/strong><strong> <\/strong><strong>AXA<\/strong><strong><\/strong><\/td><td>&nbsp;<\/td><td><strong>&nbsp;<\/strong> <strong>172,25 \u20ac<\/strong><\/td><\/tr><tr><td><strong>&nbsp;<\/strong> <strong>Prestation M\u00e9nage Mairie<\/strong><\/td><td>&nbsp;<\/td><td><strong>&nbsp;<\/strong> <strong>210,00 \u20ac<\/strong><\/td><\/tr><tr><td><strong>&nbsp;<\/strong> <strong>Frais administratifs<\/strong><\/td><td>&nbsp;<\/td><td><strong>&nbsp;<\/strong> <strong>171,00 \u20ac<\/strong><\/td><\/tr><tr><td><strong>TOTAUX<\/strong><strong><\/strong><\/td><td><strong>3 054,00 \u20ac<\/strong><\/td><td><strong>1 985,03 \u20ac<\/strong><\/td><\/tr><tr><td><strong>&nbsp;<\/strong> <strong>SOLDE<\/strong><strong><\/strong><\/td><td><strong>&nbsp;<\/strong> <strong>1 068,97 \u20ac<\/strong><\/td><td>&nbsp;<\/td><\/tr><\/tbody><\/table><\/figure>\n\n\n\n<ul class=\"wp-block-list\">\n<li><strong><u>BILAN TECHNIQUE, pr\u00e9sent\u00e9 par Eric BENOIST<\/u><\/strong><strong>:<\/strong><strong><\/strong><\/li>\n<\/ul>\n\n\n\n<p>Apr\u00e8s les difficult\u00e9s rencontr\u00e9es lors des premi\u00e8res soir\u00e9es pour utiliser le mat\u00e9riel de sonorisation de La Crypte, il a \u00e9t\u00e9 d\u00e9cid\u00e9 d&rsquo;utiliser notre propre mat\u00e9riel qui en l&rsquo; occurence est celui d&rsquo;Eric, hormis les pieds de micro.<\/p>\n\n\n\n<p>Depuis cette mise en place nous avons retrouver une bonne qualit\u00e9 de son.<\/p>\n\n\n\n<p>Quelques probl\u00e8mes de remise en bonne marche des spots d&rsquo;\u00e9clairage subsistent parfois, mais finalement toujours r\u00e9solus par Patrick.<\/p>\n\n\n\n<h1 class=\"wp-block-heading\">5)&nbsp;&nbsp; VOTE DES TROIS RAPPORTS :<\/h1>\n\n\n\n<ul class=\"wp-block-list\">\n<li>Bilan moral : <strong>accept\u00e9 \u00e0 l&rsquo;unanimit\u00e9<\/strong>.<ul><li>Bilan financier : <strong>accept\u00e9 \u00e0 l&rsquo;unanimit\u00e9<\/strong>.<\/li><\/ul>\n<ul class=\"wp-block-list\">\n<li>Bilan technique : <strong>accept\u00e9 \u00e0 l&rsquo;unanimit\u00e9<\/strong>.<\/li>\n<\/ul>\n<\/li>\n<\/ul>\n\n\n\n<h1 class=\"wp-block-heading\">6)&nbsp;&nbsp; ELECTION DU BUREAU :<\/h1>\n\n\n\n<p>Tiers sortant :&nbsp;&nbsp;&nbsp;&nbsp;&nbsp;&nbsp; Sylvie CANTA qui se r\u00e9pr\u00e9sente<\/p>\n\n\n\n<p>Patrick ROUVEYROL qui se r\u00e9pr\u00e9sente<\/p>\n\n\n\n<p>Vote : Renouvellements de Sylvie CANTA, et Patrick ROUVEYROL. <strong>Accept\u00e9s \u00e0 l&rsquo;unanimit\u00e9<\/strong>. Patrick souhaite laisser la tr\u00e9sorerie \u00e0 Sylvie, il assurera la buvette, et la gestion de l\u2019\u00e9clairage.<\/p>\n\n\n\n<h1 class=\"wp-block-heading\">7)&nbsp;&nbsp; QUESTIONS DIVERSES :<\/h1>\n\n\n\n<ul class=\"wp-block-list\">\n<li>Droit \u00e0 l\u2019image &#8230; Ajouter une mention autorisation sur le bulletin d\u2019adh\u00e9sion.<\/li>\n<\/ul>\n\n\n\n<ul class=\"wp-block-list\">\n<li>Affectation d\u2019une somme au Restos du Coeur \u2026 Seulement apr\u00e8s avoir vu avec la SACEM Monsieur Marc PAGAN.<\/li>\n<\/ul>\n\n\n\n<ul class=\"wp-block-list\">\n<li>Participation payante au Brunch d\u2019avant soir\u00e9e &#8230; OK pour 5\u20ac\/personne, sur inscription.<\/li>\n<\/ul>\n\n\n\n<ul class=\"wp-block-list\">\n<li>Octobre Rose \u2026 Sylvie et le Dr C\u00e9cilia FERRER souhaitent organiser en Octobre une conf\u00e9rence en fin de premi\u00e8re partie, pr\u00e9voir un th\u00e8me de chansons sur ce sujet\u2026 La totalit\u00e9 de la recette sera affect\u00e9e \u00e0 la Ligue contre le cancer du sein, la date choisie est le vendredi 20 octobre.. Il faudra pr\u00e9voir une importante campagne d&rsquo;information et de communication.<\/li>\n<\/ul>\n\n\n\n<p>Madame le Maire est partante pour ce genre d&rsquo;action.<\/p>\n\n\n\n<ul class=\"wp-block-list\">\n<li>Madame le Maire nous donne quelques explications sur l&rsquo;avenir de la gestion de La Crypte. La municipalit\u00e9 souhaiterait la confier \u00e0 un professionnel \u00e0 partir de septembre 2023.<\/li>\n<\/ul>\n\n\n\n<p>Une r\u00e9union avec les divers partenaires et utilisateurs de la salle devrait se faire au printemps.<\/p>\n\n\n\n<ul class=\"wp-block-list\">\n<li>Il a \u00e9t\u00e9 \u00e9voqu\u00e9 l&rsquo;id\u00e9e de d\u00e9caler la soir\u00e9e du mercredi au vendredi afin d&rsquo;avoir plus de public. Difficile de changer ce 1<sup>er<\/sup> semestre puisque les dates ont d\u00e9j\u00e0 \u00e9t\u00e9 arr\u00eat\u00e9es, mais cela reste une piste de r\u00e9flexion.<\/li>\n<\/ul>\n\n\n\n<ul class=\"wp-block-list\">\n<li>Tarif d&rsquo;adh\u00e9sion \u2026 maintenue \u00e0 20 \u20ac pour l\u2019ann\u00e9e 2023. Fin d\u2019assembl\u00e9e g\u00e9n\u00e9rale : 22h19mn32s<\/li>\n<\/ul>\n\n\n\n<p>Verre de l\u2019Amiti\u00e9 &#8230;<\/p>\n","protected":false},"excerpt":{"rendered":"<p>ASSEMBLEE GENERALE ORDINAIRE ASSOCIATION \u00ab GUITARES EN CHANSONS \u00bb Mercredi 08 f\u00e9vrier 2022, Salle des F\u00eates de LAGORCE. D\u00e9but de s\u00e9ance : 20h30 14 Pr\u00e9sents : Christian SAPIN ; Sylvie CANTA ; Eric BENOIST ; Patrick ROUVEYROL ; Sadek MOHAMED; C\u00e9cilia FERRER ;Herv\u00e9 OZIL ; Dominique HEMOUS ; Michel SERRET ; Jean Claude SURREL ; [&hellip;]<\/p>\n","protected":false},"author":1,"featured_media":0,"parent":0,"menu_order":0,"comment_status":"closed","ping_status":"closed","template":"","meta":{"footnotes":""},"class_list":["post-427","page","type-page","status-publish","hentry"],"_links":{"self":[{"href":"https:\/\/guitaresenchansons.fr\/index.php?rest_route=\/wp\/v2\/pages\/427","targetHints":{"allow":["GET"]}}],"collection":[{"href":"https:\/\/guitaresenchansons.fr\/index.php?rest_route=\/wp\/v2\/pages"}],"about":[{"href":"https:\/\/guitaresenchansons.fr\/index.php?rest_route=\/wp\/v2\/types\/page"}],"author":[{"embeddable":true,"href":"https:\/\/guitaresenchansons.fr\/index.php?rest_route=\/wp\/v2\/users\/1"}],"replies":[{"embeddable":true,"href":"https:\/\/guitaresenchansons.fr\/index.php?rest_route=%2Fwp%2Fv2%2Fcomments&post=427"}],"version-history":[{"count":1,"href":"https:\/\/guitaresenchansons.fr\/index.php?rest_route=\/wp\/v2\/pages\/427\/revisions"}],"predecessor-version":[{"id":428,"href":"https:\/\/guitaresenchansons.fr\/index.php?rest_route=\/wp\/v2\/pages\/427\/revisions\/428"}],"wp:attachment":[{"href":"https:\/\/guitaresenchansons.fr\/index.php?rest_route=%2Fwp%2Fv2%2Fmedia&parent=427"}],"curies":[{"name":"wp","href":"https:\/\/api.w.org\/{rel}","templated":true}]}}